{"id":248,"date":"2014-06-10T10:23:54","date_gmt":"2014-06-10T10:23:54","guid":{"rendered":"http:\/\/blaszok.mpcthemes.net\/creative-one-page\/?page_id=25"},"modified":"2018-04-18T18:11:27","modified_gmt":"2018-04-18T21:11:27","slug":"creative-one-page","status":"publish","type":"page","link":"https:\/\/arquivohistoricoacia.com.br\/site\/","title":{"rendered":"Inicial"},"content":{"rendered":"<p>[vc_row full_width=&#8221;stretch_row&#8221; overlay_pattern_opacity=&#8221;50&#8243; css=&#8221;.vc_custom_1524066144080{margin-top: -1em !important;margin-bottom: -2em !important;padding-top: 2em !important;padding-bottom: 3em !important;background-image: url(http:\/\/arquivohistoricoacia.com.br\/site\/wp-content\/uploads\/2018\/04\/acia-background-home-2.png?id=459) !important;}&#8221; toc_id=&#8221;features&#8221;][vc_column][vc_column_text css=&#8221;.vc_custom_1524022467047{padding-top: 5em !important;padding-bottom: 1em !important;}&#8221;]<\/p>\n<h1 style=\"text-align: center; font-size: 48px;\">O que voc\u00ea vai encontrar aqui?<\/h1>\n<p>[\/vc_column_text][vc_separator el_width=&#8221;10&#8243;][vc_row_inner css=&#8221;.vc_custom_1524065765148{padding-top: 3em !important;}&#8221;][vc_column_inner el_class=&#8221;mpc-mb-0&#8243; width=&#8221;1\/2&#8243;]<div id=\"mpcth_icon_column_Hu8fF\" class=\"mpc-vc-icon-column-wrap mpc-vc-icon-column-simple\"><style type=\"text\/css\">#mpcth_page_wrap #mpcth_icon_column_Hu8fF.mpc-vc-icon-column-simple:hover .mpc-vc-icon-column-icon i {color:#702823;}<\/style><div class=\"mpc-vc-icon-column-icon\"><i class=\"fa fa-camera\"><\/i><\/div><div class=\"mpc-vc-icon-column-content\"><h5 class=\"mpc-vc-icon-column-title\">Fotos e Imagens <\/h5><p class=\"mpc-vc-icon-column-text\">V\u00e1rias galerias de imagens, com fotos antigas e atuais de presidentes, associados, lideran\u00e7as pol\u00edticas e muito mais...<br \/>\nTodo o conte\u00fado encontrado faz parte da hist\u00f3ria de nosso munic\u00edpio assim como do Estado e Pa\u00eds.<\/p><\/div><\/div><div id=\"mpcth_icon_column_58nsK\" class=\"mpc-vc-icon-column-wrap mpc-vc-icon-column-simple\"><style type=\"text\/css\">#mpcth_page_wrap #mpcth_icon_column_58nsK.mpc-vc-icon-column-simple:hover .mpc-vc-icon-column-icon i {color:#702823;}<\/style><div class=\"mpc-vc-icon-column-icon\"><i class=\"fa fa-folder-open\"><\/i><\/div><div class=\"mpc-vc-icon-column-content\"><h5 class=\"mpc-vc-icon-column-title\">Documentos, atas, listas<\/h5><p class=\"mpc-vc-icon-column-text\">Com a cataloga\u00e7\u00e3o do material arquivado da ACIA, voc\u00ea poder\u00e1 acessar os mais vaiados documentos que comp\u00f5em a hist\u00f3ria da institui\u00e7\u00e3o e o caminho que foi atravessado at\u00e9 chegar at\u00e9 aqui.<\/p><\/div><\/div><div id=\"mpcth_icon_column_kJcmI\" class=\"mpc-vc-icon-column-wrap mpc-vc-icon-column-simple\"><style type=\"text\/css\">#mpcth_page_wrap #mpcth_icon_column_kJcmI.mpc-vc-icon-column-simple:hover .mpc-vc-icon-column-icon i {color:#702823;}<\/style><div class=\"mpc-vc-icon-column-icon\"><i class=\"fa fa-video-camera\"><\/i><\/div><div class=\"mpc-vc-icon-column-content\"><h5 class=\"mpc-vc-icon-column-title\">\u00c1udios, Grava\u00e7\u00f5es e V\u00eddeos<\/h5><p class=\"mpc-vc-icon-column-text\">Os recursos multim\u00eddia s\u00e3o conte\u00fados interativos muito utilizados para relembrar, guardar e buscar informa\u00e7\u00f5es importantes do nosso cotidiano. Portanto, fique a vontade para acessar e ouvir \/ assistir o que mais lhe interessar em nosso acervo digital.<\/p><\/div><\/div>[\/vc_column_inner][vc_column_inner width=&#8221;1\/2&#8243;]<div id=\"mpcth_icon_column_R8Ie0\" class=\"mpc-vc-icon-column-wrap mpc-vc-icon-column-simple\"><style type=\"text\/css\">#mpcth_page_wrap #mpcth_icon_column_R8Ie0.mpc-vc-icon-column-simple:hover .mpc-vc-icon-column-icon i {color:#702823;}<\/style><div class=\"mpc-vc-icon-column-icon\"><i class=\"fa fa-photo\"><\/i><\/div><div class=\"mpc-vc-icon-column-content\"><h5 class=\"mpc-vc-icon-column-title\">Galeria de Presidentes<\/h5><p class=\"mpc-vc-icon-column-text\">N\u00e3o poderia faltar um mural contendo a galeria de todos os presidentes que fizeram a ACIA se tornar cada vez mais s\u00f3lida e confi\u00e1vel. Portanto, conhe\u00e7a a face de quem escreveu a hist\u00f3ria da ACIA at\u00e9 os dias atuais.<\/p><\/div><\/div><div id=\"mpcth_icon_column_2R3V1\" class=\"mpc-vc-icon-column-wrap mpc-vc-icon-column-simple\"><style type=\"text\/css\">#mpcth_page_wrap #mpcth_icon_column_2R3V1.mpc-vc-icon-column-simple:hover .mpc-vc-icon-column-icon i {color:#702823;}<\/style><div class=\"mpc-vc-icon-column-icon\"><i class=\"fa fa-database\"><\/i><\/div><div class=\"mpc-vc-icon-column-content\"><h5 class=\"mpc-vc-icon-column-title\">A Hist\u00f3ria da ACIA<\/h5><p class=\"mpc-vc-icon-column-text\">Desde sua concep\u00e7\u00e3o at\u00e9 os relatos mais importantes e recentes que consolidaram a Entidade em todo seu processo de matura\u00e7\u00e3o at\u00e9 a chegada dos seus mais de 80 anos.<\/p><\/div><\/div><div id=\"mpcth_icon_column_LZrKV\" class=\"mpc-vc-icon-column-wrap mpc-vc-icon-column-simple\"><style type=\"text\/css\">#mpcth_page_wrap #mpcth_icon_column_LZrKV.mpc-vc-icon-column-simple:hover .mpc-vc-icon-column-icon i {color:#702823;}<\/style><div class=\"mpc-vc-icon-column-icon\"><i class=\"fa fa-share-alt\"><\/i><\/div><div class=\"mpc-vc-icon-column-content\"><h5 class=\"mpc-vc-icon-column-title\">Artigos e Literaturas para Download<\/h5><p class=\"mpc-vc-icon-column-text\">Para que seja poss\u00edvel compartilhar o conhecimento que voc\u00ea vai adquirir aqui no Acervo Virtual da ACIA, disponibilizamos v\u00e1rios arquivos para download e compartilhamento. Divulgue!<\/p><\/div><\/div>[\/vc_column_inner][\/vc_row_inner][\/vc_column][\/vc_row][vc_row full_width=&#8221;stretch_row&#8221; overlay_color=&#8221;#afafaf&#8221; overlay_color_opacity=&#8221;60&#8243; overlay_pattern=&#8221;165&#8243; css=&#8221;.vc_custom_1524064191669{padding-top: 50px !important;padding-bottom: 50px !important;background-image: url(http:\/\/arquivohistoricoacia.com.br\/site\/wp-content\/uploads\/2018\/04\/acia-IMG-9.jpg?id=421) !important;}&#8221; el_id=&#8221;contato&#8221;][vc_column][vc_custom_heading text=&#8221;Entre em Contato&#8221; font_container=&#8221;tag:h2|text_align:left|color:%23ffffff&#8221; google_fonts=&#8221;font_family:ABeeZee%3Aregular%2Citalic|font_style:400%20regular%3A400%3Anormal&#8221;]<div role=\"form\" class=\"wpcf7\" id=\"wpcf7-f6-o1\" lang=\"pt-BR\" dir=\"ltr\">\n<div class=\"screen-reader-response\" role=\"alert\" aria-live=\"polite\"><\/div>\n<form action=\"\/site\/wp-json\/wp\/v2\/pages\/248#wpcf7-f6-o1\" method=\"post\" class=\"wpcf7-form init\" novalidate=\"novalidate\">\n<div style=\"display: none;\">\n<input type=\"hidden\" name=\"_wpcf7\" value=\"6\" \/>\n<input type=\"hidden\" name=\"_wpcf7_version\" value=\"5.2.1\" \/>\n<input type=\"hidden\" name=\"_wpcf7_locale\" value=\"pt_BR\" \/>\n<input type=\"hidden\" name=\"_wpcf7_unit_tag\" value=\"wpcf7-f6-o1\" \/>\n<input type=\"hidden\" name=\"_wpcf7_container_post\" value=\"0\" \/>\n<input type=\"hidden\" name=\"_wpcf7_posted_data_hash\" value=\"\" \/>\n<\/div>\n<p class=\"contact-form-input input-name\">\n<span class=\"wpcf7-form-control-wrap your-name\"><input type=\"text\" name=\"your-name\" value=\"\" size=\"40\" class=\"wpcf7-form-control wpcf7-text wpcf7-validates-as-required\" aria-required=\"true\" aria-invalid=\"false\" placeholder=\"Seu Nome*\" \/><\/span><label for=\"your-name\">Seu Nome*<\/label><\/p>\n<p class=\"contact-form-input input-mail\">\n<span class=\"wpcf7-form-control-wrap your-email\"><input type=\"email\" name=\"your-email\" value=\"\" size=\"40\" class=\"wpcf7-form-control wpcf7-text wpcf7-email wpcf7-validates-as-required wpcf7-validates-as-email\" aria-required=\"true\" aria-invalid=\"false\" placeholder=\"E-mail*\" \/><\/span><label for=\"your-email\">E-mail*<\/label><\/p>\n<p class=\"contact-form-input input-website\">\n<span class=\"wpcf7-form-control-wrap your-website\"><input type=\"url\" name=\"your-website\" value=\"\" size=\"40\" class=\"wpcf7-form-control wpcf7-text wpcf7-url wpcf7-validates-as-url\" aria-invalid=\"false\" placeholder=\"Telefone\" \/><\/span><label for=\"your-website\">Telefone<\/label><\/p>\n<p class=\"contact-form-message\">\n<span class=\"wpcf7-form-control-wrap your-message\"><textarea name=\"your-message\" cols=\"45\" rows=\"6\" class=\"wpcf7-form-control wpcf7-textarea\" id=\"your-message\" aria-invalid=\"false\" placeholder=\"Sua Mensagem\"><\/textarea><\/span><label for=\"your-message\">Sua Mensagem<\/label><\/p>\n<p class=\"form-submit\"><input type=\"submit\" value=\"Enviar\" class=\"wpcf7-form-control wpcf7-submit\" \/><\/p>\n<div class=\"wpcf7-response-output\" role=\"alert\" aria-hidden=\"true\"><\/div><\/form><\/div>[\/vc_column][\/vc_row][vc_row full_width=&#8221;stretch_row&#8221; overlay_color_opacity=&#8221;60&#8243; overlay_pattern=&#8221;165&#8243; css=&#8221;.vc_custom_1524085807713{margin-top: -2em !important;margin-bottom: -2em !important;padding-top: 50px !important;padding-bottom: 50px !important;background-color: #ddd1b5 !important;}&#8221;][vc_column width=&#8221;1\/6&#8243;][vc_single_image image=&#8221;593&#8243; img_size=&#8221;full&#8221;][\/vc_column][vc_column width=&#8221;1\/6&#8243;][vc_single_image image=&#8221;597&#8243; img_size=&#8221;full&#8221;][\/vc_column][vc_column width=&#8221;1\/6&#8243;][vc_single_image image=&#8221;596&#8243; img_size=&#8221;full&#8221;][\/vc_column][vc_column width=&#8221;1\/6&#8243;][vc_single_image image=&#8221;614&#8243; img_size=&#8221;80&#215;83&#8243; alignment=&#8221;center&#8221;][\/vc_column][vc_column width=&#8221;1\/6&#8243;][vc_single_image image=&#8221;615&#8243; img_size=&#8221;full&#8221;][\/vc_column][vc_column width=&#8221;1\/6&#8243;][vc_single_image image=&#8221;592&#8243; img_size=&#8221;full&#8221;][\/vc_column][vc_column][vc_column_text]<\/p>\n<p style=\"text-align: center;\"><em>Este projeto foi contemplado pelo fundo de arte e cultura do Estado de Goi\u00e1s em 2016, SEDUCE e Governo de Goi\u00e1s<\/em><\/p>\n<p>[\/vc_column_text][\/vc_column][\/vc_row]<\/p>\n","protected":false},"excerpt":{"rendered":"<p>[vc_row full_width=&#8221;stretch_row&#8221; overlay_pattern_opacity=&#8221;50&#8243; css=&#8221;.vc_custom_1524066144080{margin-top: -1em !important;margin-bottom: -2em !important;padding-top: 2em !important;padding-bottom: 3em !important;background-image: url(http:\/\/arquivohistoricoacia.com.br\/site\/wp-content\/uploads\/2018\/04\/acia-background-home-2.png?id=459) !important;}&#8221; toc_id=&#8221;features&#8221;][vc_column][vc_column_text css=&#8221;.vc_custom_1524022467047{padding-top: 5em !important;padding-bottom: 1em !important;}&#8221;] O que voc\u00ea vai encontrar aqui? [\/vc_column_text][vc_separator el_width=&#8221;10&#8243;][vc_row_inner css=&#8221;.vc_custom_1524065765148{padding-top: 3em !important;}&#8221;][vc_column_inner el_class=&#8221;mpc-mb-0&#8243; width=&#8221;1\/2&#8243;][\/vc_column_inner][vc_column_inner width=&#8221;1\/2&#8243;][\/vc_column_inner][\/vc_row_inner][\/vc_column][\/vc_row][vc_row full_width=&#8221;stretch_row&#8221; overlay_color=&#8221;#afafaf&#8221; overlay_color_opacity=&#8221;60&#8243; overlay_pattern=&#8221;165&#8243; css=&#8221;.vc_custom_1524064191669{padding-top: 50px !important;padding-bottom: 50px !important;background-image: url(http:\/\/arquivohistoricoacia.com.br\/site\/wp-content\/uploads\/2018\/04\/acia-IMG-9.jpg?id=421) !important;}&#8221; el_id=&#8221;contato&#8221;][vc_column][vc_custom_heading text=&#8221;Entre em Contato&#8221; font_container=&#8221;tag:h2|text_align:left|color:%23ffffff&#8221; google_fonts=&#8221;font_family:ABeeZee%3Aregular%2Citalic|font_style:400%20regular%3A400%3Anormal&#8221;][\/vc_column][\/vc_row][vc_row full_width=&#8221;stretch_row&#8221; overlay_color_opacity=&#8221;60&#8243; overlay_pattern=&#8221;165&#8243; css=&#8221;.vc_custom_1524085807713{margin-top:&#8230;<\/p>\n","protected":false},"author":1,"featured_media":0,"parent":0,"menu_order":0,"comment_status":"closed","ping_status":"closed","template":"template-fullwidth.php","meta":{"_s2mail":""},"acf":[],"_links":{"self":[{"href":"https:\/\/arquivohistoricoacia.com.br\/site\/wp-json\/wp\/v2\/pages\/248"}],"collection":[{"href":"https:\/\/arquivohistoricoacia.com.br\/site\/wp-json\/wp\/v2\/pages"}],"about":[{"href":"https:\/\/arquivohistoricoacia.com.br\/site\/wp-json\/wp\/v2\/types\/page"}],"author":[{"embeddable":true,"href":"https:\/\/arquivohistoricoacia.com.br\/site\/wp-json\/wp\/v2\/users\/1"}],"replies":[{"embeddable":true,"href":"https:\/\/arquivohistoricoacia.com.br\/site\/wp-json\/wp\/v2\/comments?post=248"}],"version-history":[{"count":61,"href":"https:\/\/arquivohistoricoacia.com.br\/site\/wp-json\/wp\/v2\/pages\/248\/revisions"}],"predecessor-version":[{"id":667,"href":"https:\/\/arquivohistoricoacia.com.br\/site\/wp-json\/wp\/v2\/pages\/248\/revisions\/667"}],"wp:attachment":[{"href":"https:\/\/arquivohistoricoacia.com.br\/site\/wp-json\/wp\/v2\/media?parent=248"}],"curies":[{"name":"wp","href":"https:\/\/api.w.org\/{rel}","templated":true}]}}